n base 8, what is 11 - 147?
-136
In base 5, what is 14 - 2024?
-2010
In base 14, what is 106 + -1?
105
In base 12, what is 1a - -147?
165
In base 5, what is -314444 + -3?
-320002
In base 14, what is 19 + c?
27
In base 6, what is -5 - 112?
-121
In base 2, what is 101 - -10101?
11010
In base 4, what is 0 - 20220?
-20220
In base 3, what is -200222 + -22?
-201021
In base 6, what is -215 + 2?
-213
In base 12, what is 33 - 3b?
-8
In base 7, what is -50 - -35?
-12
In base 9, what is -3574 + 1?
-3573
In base 6, what is 431 - -12?
443
In base 11, what is 4 - 98?
-94
In base 7, what is 34 + -3?
31
In base 2, what is -111000 + 1011001?
100001
In base 14, what is 3a - -142?
17c
In base 5, what is 442 + 10?
1002
In base 12, what is -7 - -10?
5
In base 11, what is 3996 - -3?
3999
In base 4, what is 101 - -2022?
2123
In base 5, what is -1 - -34?
33
In base 2, what is 1010110001011 + 11?
1010110001110
In base 12, what is -29 + -15?
-42
In base 13, what is -15 - -174?
15c
In base 15, what is -4c + -4?
-51
In base 4, what is 1130122 - -10?
1130132
In base 10, what is 1107 + -4?
1103
In base 16, what is 42 - 3d?
5
In base 4, what is -2 - -1131311?
1131303
In base 7, what is -102 - 3?
-105
In base 6, what is -4 + -341?
-345
In base 15, what is 80 + -3?
7c
In base 3, what is -21 + -102110?
-102201
In base 11, what is -2 - 34?
-36
In base 3, what is 12 + 102210?
102222
In base 10, what is -849 - 0?
-849
In base 2, what is 1 - -1001000?
1001001
In base 12, what is -647a - 1?
-647b
In base 4, what is -12 + -1323?
-2001
In base 9, what is 6 - 101?
-84
In base 15, what is c9 + -3?
c6
In base 6, what is -23 - 2?
-25
In base 13, what is -2 + 0?
-2
In base 14, what is 0 + 9?
9
In base 8, what is 167 + 2?
171
In base 3, what is 20102 + 0?
20102
In base 4, what is 11 + -200001?
-133330
In base 8, what is -637 + 61?
-556
In base 11, what is 33 - -14?
47
In base 10, what is 19 + -69?
-50
In base 9, what is 5 - -163?
168
In base 9, what is 26 - 7?
18
In base 6, what is 2 - 112?
-110
In base 15, what is -631 - 6?
-637
In base 14, what is -12d9 + 5?
-12d4
In base 8, what is -306 + 1?
-305
In base 2, what is 1 - -11110100101?
11110100110
In base 15, what is -e + -3a?
-49
In base 16, what is -4 + -5e?
-62
In base 3, what is 10212 - 1102?
2110
In base 3, what is 11 + 0?
11
In base 5, what is -10101 - 12?
-10113
In base 4, what is 22232 + 101?
22333
In base 11, what is 11 + -a7?
-96
In base 9, what is -5 + 3667?
3662
In base 12, what is 5 - 14?
-b
In base 8, what is -5 + -2350?
-2355
In base 6, what is -2214 - 4?
-2222
In base 11, what is 9023 - 0?
9023
In base 8, what is 3 + 64?
67
In base 13, what is -40 + 10?
-30
In base 16, what is -32 - 17?
-49
In base 2, what is 11101111100 - 100?
11101111000
In base 11, what is 0 - 115?
-115
In base 13, what is 6 + 118?
121
In base 5, what is 131 + -41?
40
In base 13, what is -17 + -6a?
-84
In base 16, what is -5 - -28?
23
In base 10, what is -413 + 20?
-393
In base 8, what is 2 - -7054?
7056
In base 7, what is 4 - -344?
351
In base 4, what is 3 + 11?
20
In base 7, what is 0 + -516?
-516
In base 8, what is 6416 + 4?
6422
In base 16, what is 169 - 6?
163
In base 14, what is 28 - 1c?
a
In base 3, what is 12002 - 1?
12001
In base 7, what is 0 + -351?
-351
In base 15, what is 0 + 17?
17
In base 3, what is 1021020 + -2?
1021011
In base 16, what is df1 - -5?
df6
In base 12, what is 5 - 236?
-231
In base 4, what is -11 + -233332?
-300003
In base 4, what is 2 + -13?
-11
In base 10, what is -7 - -301?
294
In base 5, what is 244421 - 1?
244420
In base 11, what is -18 + 814?
7a7
In base 14, what is -4 - d1?
-d5
In base 8, what is -360 - 62?
-442
In base 4, what is -21 + 3113?
3032
In base 15, what is -9 + -253?
-25c
In base 11, what is -2986 + -1?
-2987
In base 16, what is -2e - -3?
-2b
In base 7, what is -206 + -6?
-215
In base 9, what is -127 + -25?
-153
In base 11, what is -5 - -243?
239
In base 13, what is -5 + -b2?
-b7
In base 8, what is 103 - -7?
112
In base 12, what is -2 + 527?
525
In base 13, what is -3 + -681?
-684
In base 6, what is -222 - -4?
-214
In base 12, what is -92 + -18?
-aa
In base 9, what is -4 + -523?
-527
In base 8, what is 4 - 3134?
-3130
In base 12, what is -150 - -4?
-148
In base 4, what is -10320 - -122?
-10132
In base 7, what is 111 + -1?
110
In base 9, what is -1 - -318?
317
In base 8, what is 2270 - 3?
2265
In base 7, what is -30 - 5?
-35
In base 6, what is 0 - 3?
-3
In base 5, what is -1004 - 10?
-1014
In base 4, what is -30133 + 100?
-30033
In base 13, what is 8a0 + 3?
8a3
In base 16, what is -4 - 11e6?
-11ea
In base 3, what is -111 - 12?
-200
In base 9, what is 11276 - 4?
11272
In base 9, what is 261 + -24?
236
In base 5, what is -1 + -1301?
-1302
In base 9, what is 36 + -125?
-78
In base 3, what is 100010 + 101?
100111
In base 6, what is 11 + 1410?
1421
In base 10, what is 23723 + 4?
23727
In base 6, what is -3535 + 2?
-3533
In base 13, what is -2c9 - -5?
-2c4
In base 14, what is 9ba + 2?
9bc
In base 12, what is -66 - -4?
-62
In base 14, what is -112 + -5?
-117
In base 14, what is 18 - 19b?
-183
In base 3, what is 121 + -11111?
-10220
In base 8, what is -12 - 12?
-24
In base 9, what is 5478 + 4?
5483
In base 15, what is -51 - c?
-5d
In base 10, what is -9 + 121?
112
In base 16, what is 76b + -11?
75a
In base 15, what is 102a - -4?
102e
In base 16, what is -2 + 6b?
69
In base 8, what is -1265 - -2?
-1263
In base 8, what is -16175 - 1?
-16176
In base 4, what is 2000 - 20?
1320
In base 11, what is 1175 - -4?
1179
In base 9, what is 113 + 1?
114
In base 5, what is -1 - 2?
-3
In base 5, what is -130 - -210?
30
In base 14, what is -da - -29?
-b1
In base 9, what is 41 + -5?
35
In base 13, what is -132 + -8?
-13a
In base 11, what is -1 - 5?
-6
In base 7, what is 132 + 4?
136
In base 4, what is -33333 - 2?
-100001
In base 15, what is 3 - 7?
-4
In base 14, what is -4bc - -4?
-4b8
In base 15, what is -5 + -93?
-98
In base 15, what is 1 - 8a?
-89
In base 7, what is 15 + 410?
425
In base 6, what is 3435 - 0?
3435
In base 13, what is -38 - 2a?
-65
In base 14, what is 98c + 1?
98d
In base 12, what is -5 - -25?
20
In base 13, what is a9 - -b?
b7
In base 12, what is 3 + 67?
6a
In base 16, what is -2 - 28?
-2a
In base 4, what is -103 - 1?
-110
In base 15, what is -1d5 - 5?
-1da
In base 14, what is 1 - -97b?
97c
In base 16, what is 5 + 8c2?
8c7
In base 2, what is -10001 - -1101111?
1011110
In base 14, what is 1 + -5a?
-59
In base 5, what is 14 + -303?
-234
In base 11, what is -3 - 206?
-209
In base 5, what is 101 - 320?
-214
In base 5, what is 21423 - -4?
21432
In base 16, what is 2 - -85?
87
In base 6, what is 5 + 30?
35
In base 7, what is -1 - 111?
-112
In base 6, what is 3 - -143?
150
In base 13, what is 0 + 15b?
15b
In base 16, what is -14 + e?
-6
In base 11, what is 9 + 2a8?
306
In base 3, what is 110000 - 220?
102010
In base 4, what is -1003 - 11?
-1020
In base 5, what is -222432 + -10?
-222442
In base 3, what is -1 - 112102?
-112110
In base 11, what is 6 - 1592?
-1587
In base 10, what is -3 - 113?
-116
In base 6, what is -334 + 4?
-330
In base 3, what is 20012 + -101?
12211
In base 12, what is 55 - 55?
0
In base 3, what is 11 + -2110?
-2022
In base 14, what is -35 - -4?
-31
In base 12, what is 1 + -9ba?
-9b9
In base 5, what is 41 + 120?
211
In base 11, what is -6 + -2?
-8
In base 16, what is b3 + -3?
b0
In base 16, what is 0 + e1?
e1
In base 5, what is -14 + -102?
-121
In base 15, what is -3077 + 1?
-3076
In base 11, what is 6 - 369?
-363
In base 6, what is -1 - -313?
312
In base 12, what is 292 - -3?
295
In base 14, what is -7b3 - -4?
-7ad
In base 10, what is -14399 + -1?
-14400
In base 11, what is 34 - -1?
35
In base 6, what is 245 + -31?
214
In base 3, what is 11 - 2121?
-2110
In base 7, what is -541 - 1?
-542
In base 2, what is -1011 - -10000110100?
10000101001
In base 3, what is -10 - -102210?
102200
In base 13, what is -3 - -86?
83
In base 14, what is 15 - 3d2?
-3bb
In base 3, what is -111101 - -1002?
-110022
In base 6, what is 505 - -20?
525
In base 14, what is 3 + b4?
b7
In base 7, what is -4 - 12?
-16
In base 2, what is 11000000111110 - 1?
11000000111101
In base 3, what is -12 - -1112021?
1112002
In base 6, what is 0 + 12111?
12111
In base 6, what is -4 + -204?
-212
In base 10, what is 0 + 262?
262
In base 14, what is